+ 4*j + 8. Let i(y) = l*q(y) - 4*b(y). Is 11 a factor of i(-2)?
True
Suppose 422 = 4*j - 166. Is 33 a factor of j?
False
Let r(c) = 2*c. Let k be r(5). Let l be 24/k*(-20)/(-6). Suppose -4*d = -5*d + l. Is 6 a factor of d?
False
Let w = -41 + 56. Is w a multiple of 5?
True
Suppose 0 = -v + 6*v. Suppose -114 = -v*c - 2*c. Does 13 divide c?
False
Let u = 92 - 39. Does 53 divide u?
True
Suppose 4*q - 20 + 0 = 5*i, i - q = -5. Suppose 2*g - 41 - 23 = i. Is g a multiple of 16?
True
Is 18 a factor of (1 - (6 + -2)) + 239 - 2?
True
Let k = 18 - 14. Suppose 4*g - 5*t + 3*t = 64, -5*t = -k*g + 64. Is 9 a factor of g?
False
Suppose 5*d = 9 + 6. Suppose -16 = -t - d*t. Is t a multiple of 2?
True
Let t(v) = v**2 + 3*v - 3. Let z = 4 + -3. Suppose 2*g = -3*m + 7 - z, -m + 12 = 4*g. Is 15 a factor of t(g)?
True
Suppose -2*i = 2*z + 6, 3*i - 3 = -z - 0*z. Is -3 + 6 - z - 1 a multiple of 8?
True
Suppose -3*n = 5*s - 24 - 7, 2*n - 3*s = -11. Let k be (2 - 1 - 0)*n. Let q = k - -3. Is 4 a factor of q?
False
Let h = 16 + 50. Does 18 divide h?
False
Suppose 4*j + 3 = 11. Suppose 0*b - 3*b = 0, j*t - 5*b = 58. Is 29 a factor of t?
True
Let i be (48/9)/((-4)/(-6)). Let h = i + -1. Let o = 1 + h. Does 8 divide o?
True
Suppose -5*b - 4*n - 28 + 8 = 0, -4*b - 10 = 2*n. Suppose 0 = t - 5*y + 8, -3*t - y = -3*y - 28. Let z = t + b. Is z a multiple of 12?
True
Suppose 0*u = 4*u. Suppose 5*b - 236 - 44 = u. Suppose -b = v - 3*v. Is 14 a factor of v?
True
Suppose 6 - 78 = -r. Does 9 divide r?
True
Suppose n - 4*n - 12 = 0. Let g = n - -11. Is 7 a factor of g?
True
Let r(o) be the third derivative of -o**4/6 - o**3/6 + 12*o**2. Let q be (-4)/3 + (-4)/6. Is 7 a factor of r(q)?
True
Let v(j) = -j**2 - j + 187. Let w be v(0). Suppose 37 = -4*f + 5*d + w, 2*f - 5*d = 70. Is f a multiple of 20?
True
Suppose 37 = 4*k - 11. Suppose -k = n - 5*n. Is 3 a factor of n?
True
Let r be (-1)/((-2)/1)*-14. Suppose -y - 4*y = 5. Let n = y - r. Is n a multiple of 6?
True
Suppose 4*d + 45 = 153. Is 9 a factor of d?
True
Suppose -6*v - 27 = -75. Let k = -4 - -14. Is 10 a factor of v/20 - (-236)/k?
False
Let z(h) = -h**3 + 7*h**2 + 7*h + 11. Let v be z(8). Let u(r) = -v*r + 0*r + 3 - 2 - 5. Is u(-5) a multiple of 4?
False
Suppose 0 = -2*z + 3*h - 41, 0 = -2*h + 4 + 6. Let x = 9 - z. Is x a multiple of 8?
False
Let v(q) = -q**2 + 3. Let k be v(3). Let c(u) = -u**3 - 5*u**2 + 6*u. Let m be c(k). Let t(i) = -i**2 + 18. Is 13 a factor of t(m)?
False
Let q be 4/1*(-2)/(-4). Suppose q*y = 3*y + 16. Let x = 39 + y. Is 11 a factor of x?
False
Suppose 2*a = -9*a + 858. Is 13 a factor of a?
True
Let s = 178 - 105. Is s a multiple of 14?
False
Suppose -z + 34 = b, 0 = 3*z + 4*b + 13 - 117. Is z a multiple of 13?
False
Let k(q) = 3*q**2 - 7*q + 15. Does 8 divide k(2)?
False
Let w(k) = 2*k**3 - 3*k**2 + k - 2. Suppose 3*l - l + 10 = 0. Let a(g) = -g**3 - 5*g**2 + g + 7. Let u be a(l). Is 2 a factor of w(u)?
True
Suppose 2*i - 5*j = -10*j + 100, 0 = 2*i + j - 100. Is 25 a factor of i?
True
Let t = 1 + 2. Is 3 a factor of 12*(-1)/(t + -5)?
True
Let k be (-8)/5*5/2. Let f(a) = 8*a**2 + 4*a + 2. Let r(c) = -4*c**2 - 2*c - 1. Let t(j) = -3*f(j) - 7*r(j). Is 20 a factor of t(k)?
False
Suppose -w = -0*b - 3*b + 6, -3*w = -3*b. Suppose -2 = b*q - 17. Does 5 divide q?
True
Let c be 0/(-2) - 6/(-2). Does 11 divide 43 - c/(1 - 4)?
True
Let y be (-797 - 3)*(-1)/(-1). Let b be (4/(-10))/(2/y). Suppose 3*f - b = -f. Does 23 divide f?
False
Let h(m) = 5*m**3 - 3*m**2 + 3*m - 1. Let u be h(2). Suppose 3*p - 2*p - 3*b - 5 = 0, -3*p + u = -3*b. Is p a multiple of 14?
True
Let o be 4 + -3 + 3 + -1. Suppose o*l = -l. Suppose 0 = -l*p - p + 4. Is 2 a factor of p?
True
Let j = 132 - 19. Suppose j = 4*m - 23. Is m a multiple of 14?
False
Suppose -3*p + 34 = -560. Suppose 146 + 35 = 3*x - 5*r, -4*x = 2*r - p. Is x a multiple of 13?
True
Let b be 4/((2/(-2))/2). Let n be 3/(1*2/(-2)). Let h = n - b. Does 5 divide h?
True
Let t(l) = -l**3 - 19*l**2 - 17*l + 42. Is t(-18) even?
True
Let z(v) = -v**3 + 8*v**2 - 6*v - 5. Let s be z(7). Does 5 divide ((-5)/(-2))/(s/12)?
True
Suppose 4*q - 6*q + 58 = 0. Suppose -2*p = -o - 24, -3*p + 3*o + q = -2*o. Suppose p = f + 1. Is 6 a factor of f?
True
Let b = -35 + 58. Is b a multiple of 5?
False
Suppose 7*o - 3*o - 112 = 0. Is o a multiple of 14?
True
Let y = -3 - -3. Suppose 0*g - 2*g = y. Suppose -2*z - z + 72 = g. Is z a multiple of 11?
False
Suppose g + 4*w + 1 = -12, -3*g - 25 = -2*w. Let u be (-66)/4*16/(-12). Let r = g + u. Is 7 a factor of r?
False
Is 12 a factor of -3 - (-2 - (-4 - -57))?
False
Is 20 a factor of (-76)/(16/(-4)) - -1?
True
Let d(l) = -l**2 - 2*l**3 + 53 + 5 + l**3. Is d(0) a multiple of 12?
False
Suppose v - 44 = 50. Is v a multiple of 24?
False
Let k = -47 + 68. Does 21 divide k?
True
Let b be (7 - 8)/(2/16). Let v(p) = -p**3 - 7*p**2 + 7*p - 5. Let j be v(b). Suppose -2*f = j*f - 240. Is 16 a factor of f?
True
Suppose -b - b = -10. Suppose -22 = -3*g + 5*l, -3*l = -l + 10. Let p = b - g. Is 6 a factor of p?
True
Let c be 32/6*(2 + 4). Suppose 5*d - c = d. Is d a multiple of 6?
False
Let n(x) = 8*x**2 + 5*x + 7. Is n(-3) a multiple of 16?
True
Suppose -h - 2*u - 21 = -6*u, 5*h - 2*u = -33. Let m(k) = -4*k + 1. Let q be m(h). Let n = q + -5. Does 6 divide n?
False
Suppose 2*l + 2*o + 3 = 7*o, -2*o = 5*l - 36. Is 2 a factor of l?
True
Let o(i) be the third derivative of 5*i**4/24 - 7*i**3/3 + 2*i**2. Let d be (-63)/(-6) + 2/(-4). Is 18 a factor of o(d)?
True
Let d be (-27 - 1)*(-1)/1. Let n(q) = -2*q**2 - 3*q - 5. Let u be n(-3). Let o = d + u. Is 8 a factor of o?
False
Suppose -k = k + 12. Let q(n) = 3*n**2 + 7*n + 3. Does 23 divide q(k)?
True
Suppose 5*r - 5*l + 20 = 0, -r + 8*l - 3*l - 20 = 0. Suppose 7*f - 2*f - 335 = w, -4*f - 4*w + 244 = r. Is f a multiple of 11?
True
Let f(a) = a**3 + a + 1. Suppose -3*j - 2*k = j - 12, 0 = -4*j + k. Let g(t) = 2*t**3 + t**2 + 2*t - 10. Let l(s) = j*f(s) - g(s). Does 6 divide l(0)?
False
Let o(b) be the second derivative of b**5/20 + b**4/2 - 3*b**3/2 - 7*b**2/2 + 7*b. Let h = -18 + 11. Does 2 divide o(h)?
False
Let x be 3/(-2) - 27/6. Does 7 divide ((-4)/x)/((-2)/(-42))?
True
Suppose -q = q - 98. Is q a multiple of 12?
False
Suppose -12 = -0*s - 3*s. Let r be (56/20)/(s/10). Suppose r = -2*q + 21. Is q a multiple of 2?
False
Suppose -5*t - 14 = -3*h, 0*h - 4*h + 3*t + 15 = 0. Let s = 1 + h. Let u = s + 1. Is 5 a factor of u?
True
Suppose 2*v = 2*c, 0*v + 5*c = 3*v + 8. Suppose -4*s - v = -8. Is 6 a factor of s - (1 + -12 + 0)?
True
Is 4 a factor of (0 + 2)*1 - -18?
True
Let k = -192 + 293. Does 21 divide k?
False
Let n(b) = -2*b**3 - 2*b**2 + 8*b - 2. Is n(-5) a multiple of 13?
False
Let d(c) = -11*c**3 - c**2 + c + 1. Let a be 21/28 - 7/4. Let n be d(a). Suppose 74 = 5*b + 2*f, -3*b + 4*f = n - 70. Is b a multiple of 8?
True
Let c(y) = -y**3 - 11*y**2 + 10*y + 12. Is 12 a factor of c(-12)?
True
Suppose 8 = 4*m - 12. Suppose -m*b - 2 + 17 = 0. Is b a multiple of 3?
True
Suppose -3*b + 0*b = -3*l, -9 = -4*l - 5*b. Is (-47)/(-1) - (0 - l) a multiple of 12?
True
Suppose 12 = v - 4*v. Is 4 a factor of 2 + (136/v)/(-2)?
False
Let u(l) = 6*l**2 + 2*l - 7. Is 8 a factor of u(3)?
False
Let k(f) = f**3 + 8*f**2 + 3. Suppose 3*d = -13 - 11. Let x be k(d). Suppose -2*p = -x*p + 38. Is p a multiple of 15?
False
Let i = -94 + 184. Suppose -v - i = -4*v. Is v a multiple of 17?
False
Suppose 0 = 5*o - 5 - 0. Let c = o - 3. Does 4 divide 12 + -5 + (-4)/c?
False
Let z(t) = -13*t - 6*t - t - 2. Does 14 divide z(-3)?
False
Does 18 divide ((-3)/2 + (-1)/2)*-9?
True
Let i(r) = -3*r + 1. Let y be i(-1). Suppose -210 = -y*l - l. Is l a multiple of 21?
True
Suppose 40*x = 37*x + 312. Is 34 a factor of x?
False
Let g be 2/3 - (-80)/15. Does 8 divide g/(-24) + (-130)/(-8)?
True
Suppose 4*w + 3*o = 165, 3*w + 0*w - 3*o = 129. Does 14 divide w?
True
Is (-28)/1*8/(-16) a multiple of 7?
True
Suppose -3*n + 8*n = 180. Does 18 divide n?
True
Suppose 5*f - 135 = n, 3*n = f + n - 27. Is 8 a factor of f?
False
Let z(k) = -k**2 + 7*k - 5. Let j be z(5). Suppose 0 = 5*u - 15, -3*l = -l + j*u - 23. Suppose -5*t = -4*m - 10 - 19, -5*t = l*m - 21. Is 5 a factor of t?
True
Let a(f) be the first derivative of -f**2/2 + 3*f - 3. Is 15 a factor of a(-12)?
True
Let l be